emainder when v is divided by 70.
67
Let y = 2 + 1. Let d(r) = 4*r**3 - 4*r**2 + 2*r - 2. What is the remainder when d(y) is divided by 26?
24
Let t = 50 - 33. Let y = -237 + 333. Suppose 21*a = 23*a - y. Calculate the remainder when a is divided by t.
14
Let u = 49 + 44. Suppose o = -2*o + u. Let a = -17 + o. What is the remainder when a is divided by 8?
6
Let n(g) = -2*g**3 + 2*g**2 + 14*g + 12. What is the remainder when 1041 is divided by n(-4)?
113
Let d(z) = 5*z**3 - 45*z**2 + 15*z + 9. Let b(w) = -w**3 + 9*w**2 - 3*w - 2. Let f(t) = -11*b(t) - 2*d(t). Calculate the remainder when f(9) is divided by 18.
13
Let z(b) = 2*b. Let s be (-2)/(3 - 33/9). What is the remainder when z(s) is divided by 4?
2
Let b be ((-2)/2)/(6/(-426)). What is the remainder when 48 is divided by b/4 + 30/(-40)?
14
Let m be (2/(-2) - 0)*-9732. What is the remainder when 4/14 + m/42 is divided by 13?
11
Let q = -21 - -38. What is the remainder when ((-4588)/(-111))/(3/(18/8)) is divided by q?
14
Let b(f) = -4*f**2 - 10 + 3*f**2 - 2*f - 10*f. Calculate the remainder when b(-8) is divided by 12.
10
Let f(t) = t**2 + 13*t + 12. Let v(d) = -d. Let a be v(-5). Calculate the remainder when 9/(-3) + a - -44 is divided by f(-13).
10
Suppose 0*v + 185 = -5*v. Let h = -85 - v. What is the remainder when (-12)/h + 11/4 is divided by 2?
1
Suppose -198 = 37*t - 6451. Calculate the remainder when t is divided by 85.
84
Let v = 941 - 939. Let w = 6 + -4. Calculate the remainder when v is divided by w.
0
Suppose 3*z - 6*z + 15 = 0. Suppose 0 = 2*y - 0*y - z*b - 280, b = 0. What is the remainder when 20 is divided by (-12)/(-54) + y/18?
4
Suppose 2*l + 10 = -5*u - 2, -3*l + 5*u = -32. Let b(t) = 6*t - 3. Let d be b(1). What is the remainder when -1 - ((7 - d) + -15) is divided by l?
2
Let n be 2 + (4 - 1 - 1). Suppose -3*f + k = n, 4*f - 8*k = -3*k + 2. Let j(y) = 5*y**2 + y - 2. What is the remainder when 31 is divided by j(f)?
15
Let m(o) = -4*o**2 + 17*o + 7. Let j be m(6). Let x = j - -57. What is the remainder when x is divided by 6?
4
Let o = -647 - -703. What is the remainder when 165 is divided by o?
53
Suppose 0 = l - 5*j + 12, l + 2 = 2*j - 1. Suppose 4*f - l*w = 50, -4*w = -0*f + 2*f - 36. What is the remainder when 50 is divided by f?
8
Let c(l) = l**3 - 5*l**2 - 5*l - 14. Calculate the remainder when 189 is divided by c(7).
42
Let h = -16 - -16. Suppose 4*c = -d + 18, -5*d + h*c + c = -48. Let t = 71 + -34. Calculate the remainder when t is divided by d.
7
What is the remainder when 104 is divided by 31 + (-3)/(24/32)?
23
Let v(t) = t**3 - 3*t**2 - 13. Let d be v(4). Let x(j) = 11*j - 10. Calculate the remainder when 89 is divided by x(d).
20
Let v(y) = -27*y - 14. Let s be v(-6). Suppose s = -12*b + 16*b. What is the remainder when b is divided by 13?
11
Suppose 2*b + 4 = 4*b, 0 = 4*v - 5*b - 38. Calculate the remainder when v is divided by 47/7 - (-10)/35.
5
Let d = 15 + -13. Let c be d + (-1 + 94 - 1). What is the remainder when 30 is divided by c/6 + 1/3?
14
Let j = -34 - -39. What is the remainder when 147 is divided by (-1)/(j/2) - 152/(-5)?
27
Let d = 12 + -10. Suppose -316 = -5*r + d*a, -5*a + 0*a - 201 = -3*r. Let c = 125 - r. Calculate the remainder when c is divided by 16.
15
Let t = -6750 + 6777. Let w(k) = -9*k - 2. Calculate the remainder when t is divided by w(-2).
11
Suppose 35*k - 20*k = 210. What is the remainder when (-444)/(-16)*(-8)/(-2) is divided by k?
13
Suppose -23 = -2*j + 7. Let u be 2/(-2) + (2 - -1). Suppose 5*h - u*s = 151, 43 = -h + 3*h + 5*s. What is the remainder when h is divided by j?
14
Let m(i) = -24*i**2 + 6*i - 44. Let g(h) = 5*h**2 - h + 9. Let l(c) = -14*g(c) - 3*m(c). Let s = -13 - -27. Calculate the remainder when l(-4) is divided by s.
12
Let m(g) = g**3 + 22*g**2 - 23*g + 11. Let v be m(-23). Suppose -v - 17 = -4*u. Suppose 5*b = b + 44. What is the remainder when b is divided by u?
4
Let p = 1 + -1. Suppose p = -3*y - y + 8. Suppose y*r = -4*g + 1 + 15, 0 = 5*g. Calculate the remainder when 31 is divided by r.
7
Let q(g) = g**2 - 11*g + 7. Let k be q(11). Let s(x) = -11*x + k*x - 2 - 8. What is the remainder when s(-8) is divided by 8?
6
Suppose 3*l = -5*h - 477, 6*l - 291 = 3*h + 3*l. Let c = h - -138. What is the remainder when c is divided by 15?
12
Let a(p) = -p**3 + 3*p**2 - 21*p - 56. Calculate the remainder when 191 is divided by a(-3).
8
Let s(k) = -12*k + 80. Calculate the remainder when 220 is divided by s(5).
0
Let c(h) = -4*h - 14. Let z(q) = q**3 + 13*q**2 + 11*q - 1. Let f be z(-12). Let k = -17 + f. Calculate the remainder when 29 is divided by c(k).
9
Suppose -2 = x - 36. Let o = 112 - 74. Let n = o - x. What is the remainder when 13 is divided by n?
1
Suppose -4*p + 67 = y, 0*p + 244 = 4*y + 4*p. Let q = y - 49. What is the remainder when q is divided by 6?
4
What is the remainder when 14/(-63) + (-7)/9*-233 is divided by 13?
12
Let j be (-8)/(-16) + 1/(-2). Suppose 0 = 3*x - j - 15. Calculate the remainder when 6 is divided by x.
1
Let b(z) = -216*z - 978. What is the remainder when 291 is divided by b(-5)?
87
Suppose -8*n + 176 = -0*n. What is the remainder when 173 is divided by n?
19
Let k = -1340 + 1421. Calculate the remainder when 83 is divided by k.
2
Let t(i) = 27*i + 9. What is the remainder when t(2) is divided by 13?
11
Suppose -50 = -4*h + j, -10*j = h - 8*j - 8. What is the remainder when 104 is divided by h?
8
Let p = 250 - 236. What is the remainder when 124 is divided by p?
12
Let c(i) = i**3 + 5*i**2 + 2. Let t(w) = w**3 + 4*w**2 - 5. Let q be t(-4). What is the remainder when c(q) is divided by (-15)/(-12) - (-56)/(-224)?
0
Suppose 9*n - 2928 = 951. What is the remainder when n is divided by 12?
11
Let b = -4 + -5. Let i = 7 - b. Suppose 5 = 3*f - i. Calculate the remainder when f is divided by 4.
3
Let l(h) = 2*h**2 - 36*h + 11. Let t be l(16). Let q = 64 + t. Suppose -2*i - 30 = -3*i. What is the remainder when i is divided by q?
8
Let n = -506 + 683. Calculate the remainder when n is divided by 44.
1
Let i = -2079 - -2112. What is the remainder when 137 is divided by i?
5
Let b = -139 - -692. What is the remainder when b is divided by 15?
13
Let b(y) = -7*y - 1. Let w be 2/(-10) - (-176)/55. Let h be w/(-6) - 1/2. Calculate the remainder when 27 is divided by b(h).
3
Let i(b) = -b + 2. Suppose -3*g = -5*g. Let z be i(g). Let t(k) = 8*k**2 - 2*k + 2. What is the remainder when 89 is divided by t(z)?
29
Let x(k) = -3*k**3 - 4*k**2 - 6*k - 12. Suppose 0 = -2*v - 3*l + 29, 2*l + 63 = 5*v - 0*l. What is the remainder when x(-3) is divided by v?
12
Suppose -239*a = -233*a - 54. Calculate the remainder when 1 + 1 + 10 + 3 is divided by a.
6
Let d(i) = -i**3 - 20*i**2 + 3*i + 70. Calculate the remainder when 116 is divided by d(-20).
6
Let b(n) = 3*n**2 + 5*n - 122. Calculate the remainder when 1318 is divided by b(7).
58
Suppose -91 = -9*w + 2*w. Calculate the remainder when w is divided by 119/21 - 6/9.
3
Suppose -170*n + 130 = -160*n. Let i(s) = -25*s. Calculate the remainder when i(-3) is divided by n.
10
Suppose -507*n + 4 = -506*n. Suppose -70 = -n*m - 22. Calculate the remainder when 24 is divided by m.
0
Suppose -m + 45 = -5*u, 14 = -4*u + 10. Calculate the remainder when m is divided by 15.
10
Suppose -2*i + 7 = n - 0*n, n = -i + 5. Let d(j) = -2*j + j - 8 - n*j - 6*j. What is the remainder when d(-5) is divided by 11?
9
Suppose 0 = -3*u - 0*u + 6. Suppose -2*n + 7*n - 30 = 0. Suppose -n*m = 4 - 16. Calculate the remainder when m is divided by u.
0
Let f be ((-8)/6)/((-12)/(-18)). Let y be f*(0 - (-1)/(-2)). Let j = y + 20. What is the remainder when 81 is divided by j?
18
Let b(a) = -14*a + 189. What is the remainder when b(-14) is divided by 128?
1
Suppose -12 = -3*d + 3*a + 33, 5*d - 2*a = 87. Calculate the remainder when 55 is divided by d.
17
What is the remainder when 183 is divided by 0 + 13/(78/36)?
3
Let q(s) = -4*s + 5. Calculate the remainder when q(-4) is divided by 16.
5
Suppose -5*h + h = -872. Let o = h + -64. What is the remainder when o is divided by 39?
37
Suppose 2*z + 6 = 2*g, -2*g + 3*g + 5*z = 9. Let d(k) = k**3 + 26*k - 3*k**2 - 13*k**2 + 9 + 35 - 11. Calculate the remainder when d(14) is divided by g.
1
Let v(k) = 7*k**2 + 29*k + 3. Let j(o) = 11*o**2 + 44